{"id":2,"date":"2022-08-31T10:27:05","date_gmt":"2022-08-31T07:27:05","guid":{"rendered":"https:\/\/metaspor.com.tr\/futbol\/mastereurolig\/?page_id=2"},"modified":"2024-08-16T03:06:49","modified_gmt":"2024-08-16T00:06:49","slug":"hakkimizda","status":"publish","type":"page","link":"https:\/\/metaspor.com.tr\/futbol\/mastereurolig\/hakkimizda\/","title":{"rendered":"Hakk\u0131m\u0131zda"},"content":{"rendered":"\n<p>B\u00fcy\u00fck Master Euro Lig Ailemizin Ba\u015fkan ve Y\u00f6neticileri olarak ,<\/p>\n\n\n\n<p>Ailemize De\u011fer Katan Tak\u0131mlar\u0131m\u0131z\u0131n \u00e7ok K\u0131ymetli Ba\u015fkanlar\u0131na ve de\u011ferli oyuncu arkada\u015flar\u0131m\u0131za \u00e7\u0131kt\u0131\u011f\u0131m\u0131z bu yolda yan\u0131m\u0131zda olduklar\u0131 i\u00e7in te\u015fekk\u00fcr ederiz.<\/p>\n\n\n\n<p>Master ve Veteran sporuna katk\u0131 sa\u011flamak, yenilikler katarak daha g\u00fczele ula\u015fmak ve yeni heyecanlar ya\u015fatmak amac\u0131 ile yakla\u015f\u0131k 8 ay \u00f6nce bir araya gelen camian\u0131n tecr\u00fcbeli y\u00f6netici ve oyuncular\u0131ndan olu\u015fan bu ekip, gerek \u015fimdiye kadar ger\u00e7ekle\u015ftirdi\u011fi organizasyonlarla gerekse bundan sonra ortaya koyaca\u011f\u0131 projelerle sizlere hep daha iyisini sunma gayreti i\u00e7inde olacakt\u0131r.<\/p>\n\n\n\n<p>Bu yolda \u00f6zverili \u00e7al\u0131\u015fmalar\u0131yla bizlere destek veren Hakem camiam\u0131zla, Canl\u0131 Yay\u0131n ekibimizle, Ambulans ve Yetkin Sa\u011fl\u0131k Kadromuzla daha iyisini ba\u015farmak i\u00e7in s\u00fcrekli isti\u015fareler yaparak kendimizi yenileme gayretlerimiz devam etmektedir.<\/p>\n\n\n\n<p>Geride b\u0131rakt\u0131\u011f\u0131m\u0131z bu k\u0131sa s\u00fcre zarf\u0131nda Arge ligi olarak ba\u015flay\u0131p sizlerden gelen t\u00fcm geri d\u00f6n\u00fc\u015fleri dikkate alarak ger\u00e7ekle\u015ftirdi\u011fimiz yeni turnuvalar da bizlere b\u00fcy\u00fck katk\u0131 sa\u011flam\u0131\u015ft\u0131r. Bundan sonra yap\u0131lacak olan organizasyonlar\u0131m\u0131zda elde etti\u011fimiz bu kazan\u0131mlarla \u00e7\u0131tay\u0131 hep daha yukar\u0131ya ta\u015f\u0131mak ana hedefimiz olacakt\u0131r.<\/p>\n\n\n\n<p>Bu vesile ile, \u00e7\u0131kt\u0131\u011f\u0131m\u0131z bu heyecanl\u0131 ve zorlu yolculukta sizlerin deste\u011fini hissetmek en b\u00fcy\u00fck g\u00fcc\u00fcm\u00fcz olmaktad\u0131r. \u201cSKOR i\u00e7in de\u011fil SPOR i\u00e7in Terleyelim\u201d bilinci ile, bug\u00fcne kadar vermi\u015f oldu\u011funuz destek, yaratt\u0131\u011f\u0131n\u0131z sinerji ve aile olma duygusu ile bizlerle oldu\u011funuz i\u00e7in hepinize te\u015fekk\u00fcr ederiz.<\/p>\n\n\n\n<p>Master Euro Lig&nbsp;<br>De\u011fer Katanlar\u0131n Ligi<\/p>\n","protected":false},"excerpt":{"rendered":"<p>B\u00fcy\u00fck Master Euro Lig Ailemizin Ba\u015fkan ve Y\u00f6neticileri olarak , Ailemize De\u011fer Katan Tak\u0131mlar\u0131m\u0131z\u0131n \u00e7ok K\u0131ymetli Ba\u015fkanlar\u0131na ve de\u011ferli oyuncu arkada\u015flar\u0131m\u0131za \u00e7\u0131kt\u0131\u011f\u0131m\u0131z bu yolda yan\u0131m\u0131zda olduklar\u0131 i\u00e7in te\u015fekk\u00fcr ederiz. Master ve Veteran sporuna katk\u0131 sa\u011flamak, yenilikler katarak daha g\u00fczele ula\u015fmak ve yeni heyecanlar ya\u015fatmak amac\u0131 ile yakla\u015f\u0131k 8 ay \u00f6nce bir araya gelen camian\u0131n tecr\u00fcbeli y\u00f6netici ve oyuncular\u0131ndan olu\u015fan bu ekip, gerek \u015fimdiye kadar ger\u00e7ekle\u015ftirdi\u011fi organizasyonlarla gerekse bundan sonra ortaya koyaca\u011f\u0131 projelerle sizlere hep daha iyisini sunma gayreti i\u00e7inde olacakt\u0131r. Bu yolda \u00f6zverili \u00e7al\u0131\u015fmalar\u0131yla bizlere destek veren Hakem camiam\u0131zla, Canl\u0131 Yay\u0131n ekibimizle, Ambulans ve Yetkin Sa\u011fl\u0131k Kadromuzla daha iyisini ba\u015farmak [&hellip;]<\/p>\n","protected":false},"author":1042,"featured_media":0,"parent":0,"menu_order":0,"comment_status":"closed","ping_status":"closed","template":"","meta":{"footnotes":""},"class_list":["post-2","page","type-page","status-publish","hentry"],"yoast_head":"<!-- This site is optimized with the Yoast SEO plugin v27.4 - https:\/\/yoast.com\/product\/yoast-seo-wordpress\/ -->\n<title>Hakk\u0131m\u0131zda - Master Euro Lig<\/title>\n<meta name=\"robots\" content=\"index, follow, max-snippet:-1, max-image-preview:large, max-video-preview:-1\" \/>\n<link rel=\"canonical\" href=\"https:\/\/metaspor.com.tr\/futbol\/mastereurolig\/hakkimizda\/\" \/>\n<meta property=\"og:locale\" content=\"tr_TR\" \/>\n<meta property=\"og:type\" content=\"article\" \/>\n<meta property=\"og:title\" content=\"Hakk\u0131m\u0131zda - Master Euro Lig\" \/>\n<meta property=\"og:description\" content=\"B\u00fcy\u00fck Master Euro Lig Ailemizin Ba\u015fkan ve Y\u00f6neticileri olarak , Ailemize De\u011fer Katan Tak\u0131mlar\u0131m\u0131z\u0131n \u00e7ok K\u0131ymetli Ba\u015fkanlar\u0131na ve de\u011ferli oyuncu arkada\u015flar\u0131m\u0131za \u00e7\u0131kt\u0131\u011f\u0131m\u0131z bu yolda yan\u0131m\u0131zda olduklar\u0131 i\u00e7in te\u015fekk\u00fcr ederiz. Master ve Veteran sporuna katk\u0131 sa\u011flamak, yenilikler katarak daha g\u00fczele ula\u015fmak ve yeni heyecanlar ya\u015fatmak amac\u0131 ile yakla\u015f\u0131k 8 ay \u00f6nce bir araya gelen camian\u0131n tecr\u00fcbeli y\u00f6netici ve oyuncular\u0131ndan olu\u015fan bu ekip, gerek \u015fimdiye kadar ger\u00e7ekle\u015ftirdi\u011fi organizasyonlarla gerekse bundan sonra ortaya koyaca\u011f\u0131 projelerle sizlere hep daha iyisini sunma gayreti i\u00e7inde olacakt\u0131r. Bu yolda \u00f6zverili \u00e7al\u0131\u015fmalar\u0131yla bizlere destek veren Hakem camiam\u0131zla, Canl\u0131 Yay\u0131n ekibimizle, Ambulans ve Yetkin Sa\u011fl\u0131k Kadromuzla daha iyisini ba\u015farmak [&hellip;]\" \/>\n<meta property=\"og:url\" content=\"https:\/\/metaspor.com.tr\/futbol\/mastereurolig\/hakkimizda\/\" \/>\n<meta property=\"og:site_name\" content=\"Master Euro Lig\" \/>\n<meta property=\"article:modified_time\" content=\"2024-08-16T00:06:49+00:00\" \/>\n<meta name=\"twitter:card\" content=\"summary_large_image\" \/>\n<script type=\"application\/ld+json\" class=\"yoast-schema-graph\">{\"@context\":\"https:\\\/\\\/schema.org\",\"@graph\":[{\"@type\":\"WebPage\",\"@id\":\"https:\\\/\\\/metaspor.com.tr\\\/futbol\\\/mastereurolig\\\/hakkimizda\\\/\",\"url\":\"https:\\\/\\\/metaspor.com.tr\\\/futbol\\\/mastereurolig\\\/hakkimizda\\\/\",\"name\":\"Hakk\u0131m\u0131zda - Master Euro Lig\",\"isPartOf\":{\"@id\":\"https:\\\/\\\/metaspor.com.tr\\\/futbol\\\/mastereurolig\\\/#website\"},\"datePublished\":\"2022-08-31T07:27:05+00:00\",\"dateModified\":\"2024-08-16T00:06:49+00:00\",\"inLanguage\":\"tr\",\"potentialAction\":[{\"@type\":\"ReadAction\",\"target\":[\"https:\\\/\\\/metaspor.com.tr\\\/futbol\\\/mastereurolig\\\/hakkimizda\\\/\"]}]},{\"@type\":\"WebSite\",\"@id\":\"https:\\\/\\\/metaspor.com.tr\\\/futbol\\\/mastereurolig\\\/#website\",\"url\":\"https:\\\/\\\/metaspor.com.tr\\\/futbol\\\/mastereurolig\\\/\",\"name\":\"Master Euro Lig\",\"description\":\"Veteran Futbol Organizasyonu\",\"publisher\":{\"@id\":\"https:\\\/\\\/metaspor.com.tr\\\/futbol\\\/mastereurolig\\\/#organization\"},\"potentialAction\":[{\"@type\":\"SearchAction\",\"target\":{\"@type\":\"EntryPoint\",\"urlTemplate\":\"https:\\\/\\\/metaspor.com.tr\\\/futbol\\\/mastereurolig\\\/?s={search_term_string}\"},\"query-input\":{\"@type\":\"PropertyValueSpecification\",\"valueRequired\":true,\"valueName\":\"search_term_string\"}}],\"inLanguage\":\"tr\"},{\"@type\":\"Organization\",\"@id\":\"https:\\\/\\\/metaspor.com.tr\\\/futbol\\\/mastereurolig\\\/#organization\",\"name\":\"Master Euro Lig\",\"url\":\"https:\\\/\\\/metaspor.com.tr\\\/futbol\\\/mastereurolig\\\/\",\"logo\":{\"@type\":\"ImageObject\",\"inLanguage\":\"tr\",\"@id\":\"https:\\\/\\\/metaspor.com.tr\\\/futbol\\\/mastereurolig\\\/#\\\/schema\\\/logo\\\/image\\\/\",\"url\":\"https:\\\/\\\/metaspor.com.tr\\\/futbol\\\/mastereurolig\\\/wp-content\\\/uploads\\\/sites\\\/9\\\/2024\\\/08\\\/cropped-Alt-Footer.png\",\"contentUrl\":\"https:\\\/\\\/metaspor.com.tr\\\/futbol\\\/mastereurolig\\\/wp-content\\\/uploads\\\/sites\\\/9\\\/2024\\\/08\\\/cropped-Alt-Footer.png\",\"width\":295,\"height\":90,\"caption\":\"Master Euro Lig\"},\"image\":{\"@id\":\"https:\\\/\\\/metaspor.com.tr\\\/futbol\\\/mastereurolig\\\/#\\\/schema\\\/logo\\\/image\\\/\"}}]}<\/script>\n<!-- \/ Yoast SEO plugin. -->","yoast_head_json":{"title":"Hakk\u0131m\u0131zda - Master Euro Lig","robots":{"index":"index","follow":"follow","max-snippet":"max-snippet:-1","max-image-preview":"max-image-preview:large","max-video-preview":"max-video-preview:-1"},"canonical":"https:\/\/metaspor.com.tr\/futbol\/mastereurolig\/hakkimizda\/","og_locale":"tr_TR","og_type":"article","og_title":"Hakk\u0131m\u0131zda - Master Euro Lig","og_description":"B\u00fcy\u00fck Master Euro Lig Ailemizin Ba\u015fkan ve Y\u00f6neticileri olarak , Ailemize De\u011fer Katan Tak\u0131mlar\u0131m\u0131z\u0131n \u00e7ok K\u0131ymetli Ba\u015fkanlar\u0131na ve de\u011ferli oyuncu arkada\u015flar\u0131m\u0131za \u00e7\u0131kt\u0131\u011f\u0131m\u0131z bu yolda yan\u0131m\u0131zda olduklar\u0131 i\u00e7in te\u015fekk\u00fcr ederiz. Master ve Veteran sporuna katk\u0131 sa\u011flamak, yenilikler katarak daha g\u00fczele ula\u015fmak ve yeni heyecanlar ya\u015fatmak amac\u0131 ile yakla\u015f\u0131k 8 ay \u00f6nce bir araya gelen camian\u0131n tecr\u00fcbeli y\u00f6netici ve oyuncular\u0131ndan olu\u015fan bu ekip, gerek \u015fimdiye kadar ger\u00e7ekle\u015ftirdi\u011fi organizasyonlarla gerekse bundan sonra ortaya koyaca\u011f\u0131 projelerle sizlere hep daha iyisini sunma gayreti i\u00e7inde olacakt\u0131r. Bu yolda \u00f6zverili \u00e7al\u0131\u015fmalar\u0131yla bizlere destek veren Hakem camiam\u0131zla, Canl\u0131 Yay\u0131n ekibimizle, Ambulans ve Yetkin Sa\u011fl\u0131k Kadromuzla daha iyisini ba\u015farmak [&hellip;]","og_url":"https:\/\/metaspor.com.tr\/futbol\/mastereurolig\/hakkimizda\/","og_site_name":"Master Euro Lig","article_modified_time":"2024-08-16T00:06:49+00:00","twitter_card":"summary_large_image","schema":{"@context":"https:\/\/schema.org","@graph":[{"@type":"WebPage","@id":"https:\/\/metaspor.com.tr\/futbol\/mastereurolig\/hakkimizda\/","url":"https:\/\/metaspor.com.tr\/futbol\/mastereurolig\/hakkimizda\/","name":"Hakk\u0131m\u0131zda - Master Euro Lig","isPartOf":{"@id":"https:\/\/metaspor.com.tr\/futbol\/mastereurolig\/#website"},"datePublished":"2022-08-31T07:27:05+00:00","dateModified":"2024-08-16T00:06:49+00:00","inLanguage":"tr","potentialAction":[{"@type":"ReadAction","target":["https:\/\/metaspor.com.tr\/futbol\/mastereurolig\/hakkimizda\/"]}]},{"@type":"WebSite","@id":"https:\/\/metaspor.com.tr\/futbol\/mastereurolig\/#website","url":"https:\/\/metaspor.com.tr\/futbol\/mastereurolig\/","name":"Master Euro Lig","description":"Veteran Futbol Organizasyonu","publisher":{"@id":"https:\/\/metaspor.com.tr\/futbol\/mastereurolig\/#organization"},"potentialAction":[{"@type":"SearchAction","target":{"@type":"EntryPoint","urlTemplate":"https:\/\/metaspor.com.tr\/futbol\/mastereurolig\/?s={search_term_string}"},"query-input":{"@type":"PropertyValueSpecification","valueRequired":true,"valueName":"search_term_string"}}],"inLanguage":"tr"},{"@type":"Organization","@id":"https:\/\/metaspor.com.tr\/futbol\/mastereurolig\/#organization","name":"Master Euro Lig","url":"https:\/\/metaspor.com.tr\/futbol\/mastereurolig\/","logo":{"@type":"ImageObject","inLanguage":"tr","@id":"https:\/\/metaspor.com.tr\/futbol\/mastereurolig\/#\/schema\/logo\/image\/","url":"https:\/\/metaspor.com.tr\/futbol\/mastereurolig\/wp-content\/uploads\/sites\/9\/2024\/08\/cropped-Alt-Footer.png","contentUrl":"https:\/\/metaspor.com.tr\/futbol\/mastereurolig\/wp-content\/uploads\/sites\/9\/2024\/08\/cropped-Alt-Footer.png","width":295,"height":90,"caption":"Master Euro Lig"},"image":{"@id":"https:\/\/metaspor.com.tr\/futbol\/mastereurolig\/#\/schema\/logo\/image\/"}}]}},"_links":{"self":[{"href":"https:\/\/metaspor.com.tr\/futbol\/mastereurolig\/wp-json\/wp\/v2\/pages\/2","targetHints":{"allow":["GET"]}}],"collection":[{"href":"https:\/\/metaspor.com.tr\/futbol\/mastereurolig\/wp-json\/wp\/v2\/pages"}],"about":[{"href":"https:\/\/metaspor.com.tr\/futbol\/mastereurolig\/wp-json\/wp\/v2\/types\/page"}],"author":[{"embeddable":true,"href":"https:\/\/metaspor.com.tr\/futbol\/mastereurolig\/wp-json\/wp\/v2\/users\/1042"}],"replies":[{"embeddable":true,"href":"https:\/\/metaspor.com.tr\/futbol\/mastereurolig\/wp-json\/wp\/v2\/comments?post=2"}],"version-history":[{"count":2,"href":"https:\/\/metaspor.com.tr\/futbol\/mastereurolig\/wp-json\/wp\/v2\/pages\/2\/revisions"}],"predecessor-version":[{"id":662,"href":"https:\/\/metaspor.com.tr\/futbol\/mastereurolig\/wp-json\/wp\/v2\/pages\/2\/revisions\/662"}],"wp:attachment":[{"href":"https:\/\/metaspor.com.tr\/futbol\/mastereurolig\/wp-json\/wp\/v2\/media?parent=2"}],"curies":[{"name":"wp","href":"https:\/\/api.w.org\/{rel}","templated":true}]}}